ivisor of 70 and 32270?
70
What is the greatest common factor of 378 and 154?
14
Calculate the highest common divisor of 192 and 320.
64
What is the highest common factor of 78 and 18?
6
What is the greatest common factor of 5499 and 564?
141
What is the highest common factor of 4334 and 11?
11
What is the highest common factor of 605 and 10?
5
Calculate the highest common factor of 66 and 88.
22
Calculate the greatest common factor of 742 and 7.
7
Calculate the greatest common factor of 16 and 97168.
16
What is the greatest common factor of 940 and 1598?
94
What is the greatest common factor of 245 and 280?
35
Calculate the highest common divisor of 667 and 29.
29
Calculate the greatest common factor of 33 and 1408.
11
What is the greatest common factor of 296 and 259?
37
What is the greatest common divisor of 440 and 40?
40
What is the highest common factor of 465 and 7719?
93
Calculate the highest common divisor of 26 and 9113.
13
Calculate the greatest common factor of 23 and 299.
23
What is the highest common factor of 54 and 6?
6
What is the highest common divisor of 1265 and 605?
55
Calculate the greatest common divisor of 176 and 121.
11
Calculate the highest common factor of 6784 and 424.
424
What is the greatest common divisor of 84 and 63?
21
What is the greatest common factor of 57 and 66?
3
What is the greatest common factor of 9775 and 1275?
425
Calculate the highest common divisor of 284 and 108.
4
What is the highest common divisor of 2813 and 29?
29
What is the highest common factor of 322 and 308?
14
What is the highest common factor of 1081 and 23?
23
What is the highest common factor of 976 and 80?
16
Calculate the greatest common divisor of 30 and 20.
10
Calculate the highest common factor of 1696 and 53.
53
Calculate the greatest common divisor of 2148 and 48.
12
Calculate the greatest common factor of 279 and 5301.
279
Calculate the highest common factor of 28 and 7.
7
Calculate the highest common factor of 112 and 64.
16
What is the highest common divisor of 56 and 35?
7
Calculate the highest common factor of 1007 and 1653.
19
Calculate the highest common divisor of 901 and 17.
17
Calculate the greatest common divisor of 13 and 52.
13
Calculate the highest common divisor of 104 and 1508.
52
Calculate the highest common divisor of 25 and 475.
25
Calculate the greatest common factor of 98 and 1778.
14
What is the highest common divisor of 60 and 130?
10
What is the highest common divisor of 1044 and 228?
12
What is the highest common factor of 37 and 185?
37
What is the highest common divisor of 7344 and 360?
72
What is the highest common factor of 26 and 273?
13
Calculate the greatest common divisor of 72 and 12996.
36
What is the highest common divisor of 26 and 411?
1
Calculate the highest common divisor of 152 and 76.
76
Calculate the greatest common divisor of 35 and 2835.
35
Calculate the highest common divisor of 973 and 7.
7
What is the highest common divisor of 6560 and 170?
10
What is the greatest common divisor of 1152 and 504?
72
What is the highest common factor of 145 and 10?
5
Calculate the greatest common divisor of 6105 and 15.
15
What is the highest common divisor of 5069 and 37?
37
What is the greatest common factor of 225 and 180?
45
Calculate the greatest common divisor of 151 and 27029.
151
Calculate the greatest common factor of 26 and 143.
13
Calculate the highest common divisor of 32 and 65248.
32
Calculate the highest common factor of 17 and 3893.
17
What is the greatest common factor of 4843 and 2171?
167
What is the greatest common divisor of 270 and 450?
90
Calculate the highest common factor of 4030 and 65.
65
What is the highest common factor of 144 and 624?
48
Calculate the greatest common factor of 338 and 26.
26
Calculate the highest common divisor of 27 and 9.
9
Calculate the greatest common factor of 129 and 344.
43
What is the greatest common divisor of 144 and 4248?
72
What is the greatest common divisor of 316 and 711?
79
Calculate the greatest common divisor of 8 and 24.
8
What is the highest common factor of 144 and 90?
18
What is the greatest common factor of 19976 and 681?
227
Calculate the highest common divisor of 15 and 285.
15
What is the greatest common factor of 17982 and 648?
162
What is the highest common divisor of 215 and 172?
43
Calculate the highest common factor of 1053 and 78.
39
Calculate the highest common factor of 80 and 10096.
16
Calculate the highest common factor of 24 and 1884.
12
Calculate the highest common factor of 1892 and 11.
11
Calculate the highest common divisor of 11 and 3421.
11
Calculate the highest common factor of 341 and 124.
31
What is the highest common divisor of 143 and 77?
11
Calculate the highest common divisor of 26 and 2.
2
Calculate the highest common divisor of 12 and 88.
4
Calculate the greatest common divisor of 8 and 12376.
8
Calculate the greatest common factor of 232 and 1769.
29
Calculate the greatest common factor of 5 and 320.
5
What is the highest common factor of 95 and 5605?
95
Calculate the highest common factor of 100 and 150.
50
Calculate the highest common divisor of 224 and 2776.
8
What is the highest common divisor of 104 and 5096?
104
Calculate the highest common divisor of 1541 and 134.
67
What is the highest common divisor of 76154 and 29?
29
What is the highest common factor of 1428 and 378?
42
Calculate the highest common divisor of 227 and 3859.
227
Calculate the highest common divisor of 494 and 26.
26
Calculate the greatest common divisor of 1220 and 1159.
61
What is the highest common factor of 345 and 15?
15
Calculate the greatest common factor of 14 and 1526.
14
What is the greatest common factor of 288 and 128?
32
Calculate the highest common divisor of 564 and 48.
12
What is the highest common factor of 20016 and 144?
144
Calculate the greatest common divisor of 78 and 130.
26
What is the highest common divisor of 41 and 9061?
41
What is the highest common divisor of 52 and 13?
13
What is the highest common factor of 8 and 808?
8
Calculate the greatest common factor of 750 and 45.
15
Calculate the highest common divisor of 5 and 1535.
5
Calculate the highest common factor of 6205 and 85.
85
Calculate the greatest common divisor of 8 and 656.
8
Calculate the greatest common divisor of 150 and 16350.
150
Calculate the greatest common divisor of 68 and 12.
4
What is the greatest common divisor of 48 and 2076?
12
Calculate the highest common divisor of 78 and 208.
26
What is the highest common divisor of 45 and 4485?
15
What is the greatest common divisor of 7501 and 39?
13
Calculate the highest common factor of 25 and 1.
1
What is the highest common divisor of 15 and 96?
3
Calculate the greatest common divisor of 156 and 48.
12
What is the highest common factor of 15852 and 12?
12
Calculate the greatest common divisor of 1573 and 1936.
121
What is the greatest common divisor of 77 and 28?
7
Calculate the highest common factor of 696 and 841.
29
Calculate the greatest common divisor of 2120 and 22048.
424
Calculate the highest common factor of 93 and 496.
31
Calculate the highest common divisor of 34 and 221.
17
What is the greatest common divisor of 76 and 95?
19
Calculate the highest common divisor of 2352 and 192.
48
Calculate the greatest common divisor of 1 and 107.
1
What is the greatest common divisor of 126 and 63?
63
Calculate the greatest common factor of 837 and 81.
27
What is the highest common divisor of 255 and 125?
5
Calculate the highest common divisor of 18 and 1.
1
What is the greatest common divisor of 80 and 48?
16
What is the highest common factor of 650 and 150?
50
What is the greatest common divisor of 10 and 95?
5
What is the highest common factor of 52 and 2158?
26
What is the greatest common divisor of 3248 and 476?
28
Calculate the greatest common factor of 10 and 2365.
5
What is the greatest common factor of 250 and 100?
50
What is the greatest common factor of 30 and 4?
2
What is the greatest common factor of 59 and 6313?
59
What is the highest common factor of 49 and 147?
49
What is the greatest common divisor of 352 and 48?
16
Calculate the greatest common factor of 6677 and 11.
11
Calculate the highest common divisor of 9 and 3078.
9
What is the highest common divisor of 